*h - 259. Let t(q) = 19*q + 130. Let g(j) = 3*m(j) + 5*t(j). Calculate the remainder when g(-7) is divided by 3/(-2)*10/(-3).
2
Suppose 2*g - k - 86 = 103, 0 = 3*k - 3. Let q = g + 46. What is the remainder when q is divided by 17?
5
Suppose -784 - 4520 = -8*x. What is the remainder when x is divided by 325?
13
Let y = -92 + 722. Calculate the remainder when (-140)/y + (-749)/(-9) is divided by 7.
6
Suppose 3*v = 13*r - 932, 0 = 49*r - 54*r - v + 352. Calculate the remainder when 617 is divided by r.
49
Suppose 5*w + 15 = 0, -16*g = -14*g - 3*w - 9795. Calculate the remainder when g is divided by 51.
48
Suppose -38*r + 121*r - 980 = 36038. Calculate the remainder when r is divided by 16.
14
Let w(t) = 2*t**2 - 9*t + 6. Let q be w(4). Suppose 1 = -i - x - x, 3*x = q*i + 16. Let n(g) = -9*g - 18. What is the remainder when 106 is divided by n(i)?
25
Let c(x) = -67*x - 583. What is the remainder when 14353 is divided by c(-10)?
85
Let v = 26 - 12. Let k(c) = -c**3 + 187*c**2 - 1438*c + 1161. What is the remainder when k(179) is divided by v?
3
Let l(w) = 3*w + 1. Let s(h) = -11*h**2 + 10*h**2 + 13 + 16 - 110*h - 9 + 104*h. Calculate the remainder when s(-7) is divided by l(2).
6
Suppose -54 + 249 = -3*a. Let m be 4/(-2) - -1 - 6. Let o = m - a. What is the remainder when o is divided by 23?
12
Let n = 1696 + -1606. What is the remainder when 283 is divided by n?
13
Suppose 46 = 10*c + 6. Suppose 2*d + 5*z - 135 + 29 = 0, c*z = d - 40. Calculate the remainder when 142 is divided by d.
46
Let y = 1 - 0. Let g be ((-168)/(-192) + (-3)/8)*8. Suppose g*i = -33 + 45. Calculate the remainder when i is divided by y.
0
Let i = -88755 + 88779. Let d(c) = -3*c**3 - 5*c**2 - 2*c - 6. Calculate the remainder when d(-4) is divided by i.
18
Let f be (-75)/100 - 79/(-4). Let p(d) = 2*d**2 - 38*d + 31. Calculate the remainder when 55 is divided by p(f).
24
Suppose -3*r + 0*y - 18 = -y, 5*r + y = -22. Let x(q) = 3*q**2 + 16*q + 92. What is the remainder when x(r) is divided by 41?
5
Let r(l) = 59*l**3 - 2*l**2 - l - 4. Let k be r(2). Suppose -4*x = 2*d - k, -222 = 4*x - d - 665. What is the remainder when x is divided by 59?
53
Let k(n) = -2250*n**3 - 19*n**2 - 5*n - 1. What is the remainder when k(-1) is divided by 35?
30
Suppose 18*k = 27*k - 171. Suppose 5*x = x + 60. What is the remainder when k is divided by x?
4
Suppose 5 = -5*h + 20. Suppose -2 = -2*d - 2*m, 7 = 2*d - 0*m - h*m. Suppose d*b = 6 + 58. What is the remainder when 119 is divided by b?
23
Suppose 0 = 3*v + 5 - 89. Suppose 10 = 5*u + 65. Let d = v + u. Calculate the remainder when d is divided by 6.
5
Suppose 0 = -5*d + 30, -13*f - 5*d - 1638 = -15*f. What is the remainder when f is divided by 274?
12
Let q(u) = 2*u**2 - 23. What is the remainder when 308 is divided by q(-5)?
11
Suppose -629*c + 2167 = -625*c + 5*t, -t - 1630 = -3*c. What is the remainder when c is divided by 177?
12
Let l = 41 + 55. Let d = 240189 - 240164. Calculate the remainder when l is divided by d.
21
Let r(j) = 3*j**3 - j. Let o be r(1). Let p = o + 1. Suppose -47 = -p*u + 5*h, 4*u - 2*h - 70 = h. Calculate the remainder when u is divided by 7.
5
Suppose -10*g - 13*l + 16*l = -4556, 3*g - 1342 = 4*l. Let c(b) = 6*b**2 + b + 1. Calculate the remainder when g is divided by c(3).
52
Let n(s) = -1789*s - 1964. What is the remainder when n(-3) is divided by 5?
3
Let n(o) = -39*o + 48. Let r be n(-7). Let g = r + -311. What is the remainder when 19 is divided by g?
9
Suppose 2*r = 3*g - 2631, 25*g - 30*g = 4*r - 4407. What is the remainder when g is divided by 174?
9
Suppose -36*m + 200 = -61*m. Calculate the remainder when 480 is divided by (m - 58)/((-24)/16).
40
Let f(l) = -5*l + 60. Let b be f(12). Suppose 160 = 4*q - b*q. Calculate the remainder when q is divided by 21.
19
Suppose 2*q + 3*q - 2*r - 1270 = 0, -3*q + 5*r + 781 = 0. Calculate the remainder when q is divided by 87.
78
Let h = -51 + -8. Calculate the remainder when h*8/(-40) - (-2)/10 is divided by 4.
0
Let t = -804 - -807. Suppose -3*d - t*u + 577 = 88, -u = -3*d + 473. Calculate the remainder when d is divided by 7.
5
Suppose 4*q + 86 = 2*f - 246, 0 = 2*f + 5*q - 368. Calculate the remainder when f is divided by 35.
34
Let h = 29 - 8. Suppose -3*w + k + 145 = 0, 3*w + 26 = -5*k + 165. Suppose w*r - 51*r + 432 = 0. Calculate the remainder when r is divided by h.
18
Suppose -3*x = 5*p + 21, 5*x = -p - 2 - 11. Calculate the remainder when 390/9 + 4/p is divided by 15.
12
Suppose 2*o + 328 = -2*o. Let x = -49 - o. Suppose -52 - x = -i. Calculate the remainder when i is divided by 22.
19
Let t(u) = 14*u**2 + 13*u + 28. Suppose 0 = 3*s - 50 + 56. Calculate the remainder when t(s) is divided by (12/(-10))/((-2)/20).
10
Suppose -o - 4*w = -1, -2*o + 380*w + 52 = 378*w. What is the remainder when 2/(-4) + (-339)/(-6) is divided by o?
14
Let c(s) = 72*s - 35. Let n be c(-1). Let g = n + 129. What is the remainder when 35 is divided by g?
13
Let y = 249 + -246. Suppose 3*o = k + 2, 5 + 1 = 3*k - 3*o. Suppose -k*b + y*b = -96. Calculate the remainder when b is divided by 25.
21
Let w(n) = -3060*n + 15326. Calculate the remainder when 0/1 + -2 + 124 is divided by w(5).
18
Let r = 33 + -31. Suppose r*s + 29 = -3*o, 3*s + 4*o + 25 = -18. Let c = s - -18. What is the remainder when c is divided by 3?
2
Suppose 0 = j - 5*d - 2700, -11*j - 8034 = -14*j - 7*d. What is the remainder when j is divided by 13?
7
Let z(h) = 160*h - 88*h - 85*h - 5. Calculate the remainder when z(-1) is divided by 3.
2
Suppose 0 = 5*y - 25, -5*a = -22*y + 24*y - 34885. Calculate the remainder when a is divided by 16.
15
Suppose 0 = -45*p + 14*p + 6448. What is the remainder when p is divided by 70?
68
Let j be ((-18)/(-15))/(-3) - (-24)/10. Suppose -j = -l + 3. Let r = 10 - l. What is the remainder when 9 is divided by r?
4
Suppose 0*j = 3*j - 102. Let y(c) = 11*c - 337. What is the remainder when j is divided by y(32)?
4
Let a = 5290 - 5276. Calculate the remainder when 600 is divided by a.
12
Let z(s) = 6*s**2 - 20*s - 16. Let x be z(14). Let f = x - 852. What is the remainder when f is divided by 18?
10
Let m(c) be the first derivative of 45*c**2 - 2*c - 16. Let h be m(2). Suppose 0*d = 2*d - h. What is the remainder when d is divided by 23?
20
Suppose 47*a - 532 = 307 - 134. Suppose 31 + 131 = c. What is the remainder when c is divided by a?
12
Suppose 100 = 7*z - 5. Calculate the remainder when 84 - (11 + 1 - 15) is divided by z.
12
Let t be 4/16*6*30. Let y = 66 - -104. What is the remainder when y is divided by t + (-5 - (-2 - 1))?
41
Let v = -5 - -5. Let a(x) = -x**3 - x + 11. Let t = 471 + -464. What is the remainder when a(v) is divided by t?
4
Let o(k) = -2*k - 20*k - 1 - 14*k + 6*k. What is the remainder when o(-1) is divided by 16?
13
Suppose 237*v = 22925 + 19024. Calculate the remainder when 297 is divided by v.
120
Suppose -g + 5 = -0*g. Suppose g*a + 92 - 347 = 0. Suppose a*w + 45 = 56*w. Calculate the remainder when 35 is divided by w.
8
Let s = 1349 - 1319. Calculate the remainder when 438 is divided by s.
18
Suppose -76*a - 811 + 1650 = -2809. Calculate the remainder when 277 is divided by a.
37
What is the remainder when 1 + (6 - (-452 - -4)) is divided by 22?
15
Suppose -18*a + 475 = a. Suppose -2*p - 363 = -5*o, -29*o + 295 = -a*o + 3*p. What is the remainder when o is divided by 25?
23
Suppose -7*t = -40*t + 18*t + 3300. Calculate the remainder when t is divided by 80.
60
Let t = -274 + 289. Calculate the remainder when 26 is divided by t.
11
Suppose 3*j - 435 = -j - n, -j - 3*n + 95 = 0. Calculate the remainder when 641 is divided by j.
91
Let c(j) = 4*j**3 - 15*j**2 + 5*j - 2. Let d = -67 - -71. Let x be c(d). Suppose x*m - 48 = 31*m. What is the remainder when 28 is divided by m?
12
Suppose 11117 - 32713 = -4*j + 4*v, v = 4*j - 21596. Calculate the remainder when j is divided by 47.
41
Suppose -5*f = -4*p + 18367, -186*f + 22931 = 5*p - 183*f. What is the remainder when p is divided by 153?
151
Suppose -3*y = -66*y + 6615. Calculate the remainder when 1246 is divided by y.
91
Let v(o) = -26*o**3 - 5*o**2 - 5*o - 26. What is the remainder when v(-5) is divided by 125?
124
Suppose -17*i - 4 = -15*i, 0 = -3*p + 5*i + 496. Calculate the remainder when p is divided by 150.
